{"id":580,"date":"2025-10-07T15:32:01","date_gmt":"2025-10-07T13:32:01","guid":{"rendered":"https:\/\/www.cs.put.poznan.pl\/aantonowicz\/?page_id=580"},"modified":"2025-10-25T17:33:31","modified_gmt":"2025-10-25T15:33:31","slug":"courses-and-certificates","status":"publish","type":"page","link":"https:\/\/www.cs.put.poznan.pl\/aantonowicz\/courses-and-certificates\/","title":{"rendered":"Courses and certificates"},"content":{"rendered":"<ul>\n<li style=\"list-style-type: none;\">\n<ul>\n<li style=\"list-style-type: none;\">\n<ul>\n<li><span style=\"font-size: 8pt;\"><strong><a href=\"https:\/\/www.cs.put.poznan.pl\/aantonowicz\/wp-content\/uploads\/2025\/10\/215_ariel.antonowicz@gmail.com_.pdf\">Effective Communication<\/a> <\/strong>&#8211; organised by Santander Open Academy.<\/span><\/li>\n<li><span style=\"font-size: 8pt;\"><strong><a href=\"https:\/\/www.cs.put.poznan.pl\/aantonowicz\/wp-content\/uploads\/2025\/10\/cert_resposible_AI_prompt.pdf\">Responsible prompting: maximize AI in your business<\/a><\/strong> &#8211; organised by Santander Open Academy with Microsoft and Founderz.<\/span><\/li>\n<li><span style=\"font-size: 8pt;\"><a href=\"https:\/\/www.cs.put.poznan.pl\/aantonowicz\/wp-content\/uploads\/2025\/10\/cert_qgis3.pdf\"><strong>GIS w QGIS 3.0 &#8211; dla \u015bredniozaawansowanych<\/strong> <\/a>&#8211; organised by udemy.<\/span><\/li>\n<li><span style=\"font-size: 8pt;\"><strong><a href=\"https:\/\/www.cs.put.poznan.pl\/aantonowicz\/wp-content\/uploads\/2025\/10\/cert_leadership.pdf\">Leadership<\/a> <\/strong>&#8211; organised by Santander Open Academy.<\/span><\/li>\n<li><span style=\"font-size: 8pt;\"><a href=\"https:\/\/www.cs.put.poznan.pl\/aantonowicz\/wp-content\/uploads\/2025\/10\/cert_krytyczne_myslenie.pdf\"><strong>Critical thinking and problem solving<\/strong><\/a> &#8211; organised by Santander Open Academy.<\/span><\/li>\n<li><span style=\"font-size: 8pt;\"><strong><a href=\"https:\/\/www.cs.put.poznan.pl\/aantonowicz\/wp-content\/uploads\/2025\/10\/cert_qgis.pdf\">GIS od podstaw w QGIS 3.0<\/a><\/strong> &#8211; organised by udemy.<\/span><\/li>\n<li><span style=\"font-size: 8pt;\"><a href=\"https:\/\/www.cs.put.poznan.pl\/aantonowicz\/wp-content\/uploads\/2025\/10\/cert_Study-Smarter-Techniques-that-Work.pdf\"><strong>Study Smarter: Techniques that Work<\/strong><\/a> &#8211; organised by Santander Open Academy.<\/span><\/li>\n<li><span style=\"font-size: 8pt;\"><a href=\"https:\/\/www.cs.put.poznan.pl\/aantonowicz\/wp-content\/uploads\/2025\/10\/cert_Efektywne-zarzadzanie-projektami-i-zespolami.pdf\"><strong>Lead with Impact: Tools for managing project and people<\/strong><\/a> &#8211; organised by Santander Open Academy.<\/span><\/li>\n<li style=\"text-align: justify;\"><span style=\"font-size: 8pt;\"><a href=\"https:\/\/www.cs.put.poznan.pl\/aantonowicz\/wp-content\/uploads\/2025\/10\/cert_excel.pdf\"><strong>Excel &#8211; from beginner to advanced<\/strong><\/a> &#8211; organised by Santander Open Academy.<\/span><\/li>\n<li style=\"text-align: justify;\"><span style=\"font-size: 8pt;\"><a href=\"https:\/\/www.cs.put.poznan.pl\/aantonowicz\/wp-content\/uploads\/2025\/10\/cert_IoT.pdf\"><strong>Internet of Things (IoT)<\/strong><\/a> &#8211; organised by Santander Open Academy and Massachusetts Institute of Technology (MIT).<\/span><\/li>\n<li style=\"text-align: justify;\"><span style=\"font-size: 8pt;\"><strong><a href=\"https:\/\/www.cs.put.poznan.pl\/aantonowicz\/wp-content\/uploads\/2025\/10\/Certyfikat-dostenosc-uczelni-2.png\">Dost\u0119pno\u015b\u0107 uczelni w pigu\u0142ce<\/a><\/strong> &#8211; organised by Poznan University of Technology.<\/span><\/li>\n<\/ul>\n<\/li>\n<\/ul>\n<\/li>\n<\/ul>\n<p class=\"course-title\" title=\"Responsible prompting: maximize AI in your business\">\n","protected":false},"excerpt":{"rendered":"<p>Effective Communication &#8211; organised by Santander Open Academy. Responsible prompting: maximize AI in your business &#8211; organised by Santander Open Academy with Microsoft and Founderz. GIS w QGIS 3.0 &#8211; dla \u015bredniozaawansowanych &#8211; organised by udemy. Leadership &#8211; organised by Santander Open Academy. Critical thinking and problem solving &#8211; organised by Santander Open Academy. GIS &hellip; <a href=\"https:\/\/www.cs.put.poznan.pl\/aantonowicz\/courses-and-certificates\/\" class=\"more-link\">Czytaj dalej<span class=\"screen-reader-text\"> \u201eCourses and certificates\u201d<\/span><\/a><\/p>\n","protected":false},"author":1,"featured_media":0,"parent":0,"menu_order":0,"comment_status":"closed","ping_status":"closed","template":"","meta":{"footnotes":""},"class_list":["post-580","page","type-page","status-publish","hentry"],"_links":{"self":[{"href":"https:\/\/www.cs.put.poznan.pl\/aantonowicz\/wp-json\/wp\/v2\/pages\/580","targetHints":{"allow":["GET"]}}],"collection":[{"href":"https:\/\/www.cs.put.poznan.pl\/aantonowicz\/wp-json\/wp\/v2\/pages"}],"about":[{"href":"https:\/\/www.cs.put.poznan.pl\/aantonowicz\/wp-json\/wp\/v2\/types\/page"}],"author":[{"embeddable":true,"href":"https:\/\/www.cs.put.poznan.pl\/aantonowicz\/wp-json\/wp\/v2\/users\/1"}],"replies":[{"embeddable":true,"href":"https:\/\/www.cs.put.poznan.pl\/aantonowicz\/wp-json\/wp\/v2\/comments?post=580"}],"version-history":[{"count":20,"href":"https:\/\/www.cs.put.poznan.pl\/aantonowicz\/wp-json\/wp\/v2\/pages\/580\/revisions"}],"predecessor-version":[{"id":644,"href":"https:\/\/www.cs.put.poznan.pl\/aantonowicz\/wp-json\/wp\/v2\/pages\/580\/revisions\/644"}],"wp:attachment":[{"href":"https:\/\/www.cs.put.poznan.pl\/aantonowicz\/wp-json\/wp\/v2\/media?parent=580"}],"curies":[{"name":"wp","href":"https:\/\/api.w.org\/{rel}","templated":true}]}}