{"id":315,"date":"2022-11-22T11:16:53","date_gmt":"2022-11-22T10:16:53","guid":{"rendered":"https:\/\/www.cs.put.poznan.pl\/aantonowicz\/?page_id=315"},"modified":"2025-10-07T15:40:16","modified_gmt":"2025-10-07T13:40:16","slug":"talks","status":"publish","type":"page","link":"https:\/\/www.cs.put.poznan.pl\/aantonowicz\/talks\/","title":{"rendered":"Talks"},"content":{"rendered":"<ul>\r\n \t<li style=\"list-style-type: none;\">\r\n<ul>\r\n \t<li style=\"list-style-type: none;\">\r\n<ul>\r\n \t<li style=\"text-align: justify;\"><span style=\"font-size: 10pt;\"><strong>2025-06-27: <\/strong>The title of the speach: Network Subsegmentation Method on the example of Water Distribution Systems, 39th ECMS International Conference on Modelling and Simulation ECMS 2025, 24-27.06.2025, Catania, Italy.<\/span><\/li>\r\n \t<li style=\"text-align: justify;\"><span style=\"font-size: 10pt;\"><strong>2023-07-18: <\/strong>Defense of the doctoral dissertation titled:<\/span><span style=\"font-size: 10pt;\">\u00a0<em>Algorytmy wspomagania decyzji w zakresie dzia\u0142a\u0144 naprawczych na przyk\u0142adzie systemu dystyrbucji wody<\/em>, on the meeting of discipline board of automation, electronic, electrical engineering and space technology.<\/span><\/li>\r\n \t<li style=\"text-align: justify;\"><span style=\"font-size: 10pt;\"><strong>2022-11-15:<\/strong> The title of the speach: <em>Algorytmy wspomagania decyzji w zakresie dzia\u0142a\u0144 naprawczych na przyk\u0142adzie systemu dystyrbucji wody<\/em>, semianr on the meeting of discipline board of automation, electronic, electrical engineering and space technologies Poznan University of Technology.<\/span><\/li>\r\n \t<li style=\"text-align: justify;\"><span style=\"font-size: 10pt;\"><strong style=\"text-align: justify;\">2021-07-05:<\/strong><span style=\"text-align: justify;\"> The title of the speach:\u00a0<\/span><em style=\"text-align: justify;\">Nowo\u015bci w nardz\u0119dziach Google i nie tylko&#8230;, <\/em>in I Liceum og\u00f3lnokszta\u0142c\u0105cym i szkole podstawowej z odzia\u0142ami dwuj\u0119zycznymi Fundacji EKOS w Swarz\u0119dzu<em style=\"text-align: justify;\">.<\/em><\/span><\/li>\r\n \t<li style=\"text-align: justify;\"><span style=\"font-size: 10pt;\"><strong>2020-10-27:<\/strong> The title of the speach: Task Scheduling Algorithm for Renovation Teams of Water Distribution Systems, 21th International Carpathian Control Conference (ICCC 2020), 27-29.10.2020, Ko\u0161ice, Slovak Republic.<\/span><\/li>\r\n \t<li style=\"text-align: justify;\"><span style=\"font-size: 10pt;\"><strong style=\"text-align: justify;\">2020-06-16:<\/strong><span style=\"text-align: justify;\"> The title of the speach: <\/span><em style=\"text-align: justify;\">Poprawa efektywno\u015bci procesu przywracania ci\u0105g\u0142o\u015bci dystrybucji wody w sytuacji po katastroficznej<\/em><span style=\"text-align: justify;\">, semiar on the meeting of Operations Research and Artificial Intelligence deparment Pozna\u0144 University of Technology.<\/span><\/span><\/li>\r\n \t<li style=\"text-align: justify;\"><span style=\"font-size: 10pt;\"><strong style=\"text-align: justify;\">2019-10-24:<\/strong><span style=\"text-align: justify;\"> The title of the speach: <\/span><em style=\"text-align: justify;\">Facebook jako narz\u0119dzi marketingu<\/em><span style=\"text-align: justify;\">,<\/span> in w I Liceum og\u00f3lnokszta\u0142c\u0105cym i szkole podstawowej z odzia\u0142ami dwuj\u0119zycznymi Fundacji EKOS w Swarz\u0119dzu.<\/span><\/li>\r\n \t<li style=\"text-align: justify;\"><span style=\"font-size: 10pt;\"><strong>2019-05-27:<\/strong> The title of the speach: Algorithm for Early Warning System for Contamination in Water Network, 20th International Carpathian Control Conference (ICCC 2019), 26-29.05.2019, Krakow-Wieliczka.<\/span><\/li>\r\n \t<li style=\"text-align: justify;\"><span style=\"font-size: 10pt;\"><strong style=\"text-align: justify;\">2017-06-13<\/strong><span style=\"text-align: justify;\">: The title of the speach: <\/span><em style=\"text-align: justify;\">Poprawa efektywno\u015bci oczyszczania \u015bciek\u00f3w przemys\u0142owych z wykorzystaniem algorytm\u00f3w sztucznej inteligencji<\/em><span style=\"text-align: justify;\">, semiar on the meeting of Operations Research and Artificial Intelligence deparment Pozna\u0144 University of Technology.<\/span><\/span><\/li>\r\n \t<li style=\"text-align: justify;\"><span style=\"font-size: 10pt;\"><strong style=\"text-align: justify;\">2016-05-09:<\/strong><span style=\"text-align: justify;\"> The title of the speach: <\/span><em style=\"text-align: justify;\">Systemy Wspomagania Decyzji w gospodarce wodno-\u015bciekowej<\/em><span style=\"text-align: justify;\">, II Mi\u0119dzynarodowa Konferencja Naukowa, Katowice.<\/span><\/span><\/li>\r\n \t<li style=\"text-align: justify;\"><span style=\"font-size: 10pt;\"><strong style=\"text-align: justify;\">2015-05-08:<\/strong> <strong style=\"text-align: justify;\">Antonowicz A.<\/strong><span style=\"text-align: justify;\">, Zakrzewski P., The title of the speach: <\/span><em style=\"text-align: justify;\">Wykorzystanie system\u00f3w wbudowanych do sterowania i wizualizacji procesu uzdatniania wody<\/em><span style=\"text-align: justify;\">, Noc nauki w \u015aremie.<\/span><\/span><\/li>\r\n \t<li style=\"text-align: justify;\"><span style=\"font-size: 10pt;\"><b style=\"text-align: justify;\">2015-04-16:\u00a0<\/b><span style=\"text-align: justify;\">Zakrzewski P., Kujawiak S., Mazurkiewicz J.,\u00a0<\/span><strong style=\"text-align: justify;\">Antonowicz A.,<\/strong><span style=\"text-align: justify;\"> The title of the speach: <\/span><em style=\"text-align: justify;\">Problematyka sterowania prac\u0105 ma\u0142ych obiekt\u00f3w w gospodarce wodno-\u015bciekowej<\/em><span style=\"text-align: justify;\">, wsp\u00f3\u0142praca Specjalist\u00f3w i Spo\u0142ecze\u0144stwa Opartego na Wiedzy dla poprawy Jako\u015bci \u017bycia, Akademia G\u00f3rniczo Hutnicza w Krakowie.<\/span><\/span><\/li>\r\n \t<li style=\"text-align: justify;\"><span style=\"font-size: 10pt;\"><strong style=\"text-align: justify;\">2015-03-10:<\/strong><span style=\"text-align: justify;\"> Kujawiak S., Mazurkiewicz J., Mazur R., Nowak A., <\/span><strong style=\"text-align: justify;\">Antonowicz A.<\/strong><span style=\"text-align: justify;\">, Zakrzewski P., The title of the speach: <\/span><em style=\"text-align: justify;\">Kontrola jako\u015bci pracy system\u00f3w oczyszczalni przydomowych \u2013 <\/em><em style=\"text-align: justify;\">szanse i zagro\u017cenia w warunkach<\/em><span style=\"text-align: justify;\">\u201d, Kongres Innowacji Polskich, Krak\u00f3w.<\/span><\/span><\/li>\r\n \t<li style=\"text-align: justify;\"><span style=\"font-size: 10pt;\"><span style=\"font-size: 10pt;\"><strong style=\"text-align: justify;\">2014-11-28:<\/strong><span style=\"text-align: justify;\">\u00a0<\/span><strong style=\"text-align: justify;\">Antonowicz A.,<\/strong><span style=\"text-align: justify;\"> Mazurkiewicz J., Kujawiak S., The title of the speach: <\/span><em style=\"text-align: justify;\">Wykorzystanie system\u00f3w wbudowanych do sterowania i monitorowania proces\u00f3w w gospodarce wodno-\u015bciekowej, <\/em><span style=\"text-align: justify;\">Konferencja Przyrodnicza organized by University of Life Sciences <\/span><\/span><\/span><span style=\"font-size: 10pt;\"><span style=\"text-align: justify;\">in Poznaniu.<\/span><\/span><\/li>\r\n<\/ul>\r\n<\/li>\r\n<\/ul>\r\n<\/li>\r\n<\/ul>\r\n<span style=\"font-size: 10pt;\"><\/span><!-- \/wp:post-content -->","protected":false},"excerpt":{"rendered":"<p>2025-06-27: The title of the speach: Network Subsegmentation Method on the example of Water Distribution Systems, 39th ECMS International Conference on Modelling and Simulation ECMS 2025, 24-27.06.2025, Catania, Italy. 2023-07-18: Defense of the doctoral dissertation titled:\u00a0Algorytmy wspomagania decyzji w zakresie dzia\u0142a\u0144 naprawczych na przyk\u0142adzie systemu dystyrbucji wody, on the meeting of discipline board of automation, &hellip; <a href=\"https:\/\/www.cs.put.poznan.pl\/aantonowicz\/talks\/\" class=\"more-link\">Czytaj dalej<span class=\"screen-reader-text\"> \u201eTalks\u201d<\/span><\/a><\/p>\n","protected":false},"author":1,"featured_media":0,"parent":0,"menu_order":0,"comment_status":"closed","ping_status":"closed","template":"","meta":{"footnotes":""},"class_list":["post-315","page","type-page","status-publish","hentry"],"_links":{"self":[{"href":"https:\/\/www.cs.put.poznan.pl\/aantonowicz\/wp-json\/wp\/v2\/pages\/315","targetHints":{"allow":["GET"]}}],"collection":[{"href":"https:\/\/www.cs.put.poznan.pl\/aantonowicz\/wp-json\/wp\/v2\/pages"}],"about":[{"href":"https:\/\/www.cs.put.poznan.pl\/aantonowicz\/wp-json\/wp\/v2\/types\/page"}],"author":[{"embeddable":true,"href":"https:\/\/www.cs.put.poznan.pl\/aantonowicz\/wp-json\/wp\/v2\/users\/1"}],"replies":[{"embeddable":true,"href":"https:\/\/www.cs.put.poznan.pl\/aantonowicz\/wp-json\/wp\/v2\/comments?post=315"}],"version-history":[{"count":31,"href":"https:\/\/www.cs.put.poznan.pl\/aantonowicz\/wp-json\/wp\/v2\/pages\/315\/revisions"}],"predecessor-version":[{"id":589,"href":"https:\/\/www.cs.put.poznan.pl\/aantonowicz\/wp-json\/wp\/v2\/pages\/315\/revisions\/589"}],"wp:attachment":[{"href":"https:\/\/www.cs.put.poznan.pl\/aantonowicz\/wp-json\/wp\/v2\/media?parent=315"}],"curies":[{"name":"wp","href":"https:\/\/api.w.org\/{rel}","templated":true}]}}